9
Let i be (10/35)/(2/14). Let b(j) be the second derivative of j**4/2 - j**3/6 - j**2/2 - j. What is the units digit of b(i)?
1
Let s be (-8)/(-5)*35/14. Suppose 5 = -q - c + 2*c, -s*q - 3*c - 41 = 0. What is the units digit of (-1 - (-9)/12)*q?
2
Let l be (3 - 3/2)*-2 - -6. Suppose 3*v - 142 = 5*m, -42 = -0*v - v + l*m. What is the units digit of v?
4
Suppose 496 = 58*v - 56*v. What is the hundreds digit of v?
2
Let g(q) = 4*q**2 + 19*q - 73. What is the tens digit of g(8)?
3
Suppose -2*s + 5*u = -73 - 31, 0 = -4*s + 3*u + 222. Let i = s - 11. What is the units digit of i?
6
Suppose -9 = -v - 3. Suppose 0 = 3*m - v*m + 6. Suppose 0 = -5*t - x + 92, m*t - 3*t + 3*x = -28. What is the units digit of t?
9
Let g(k) = -3*k - 9. Suppose -2*o - 70 = 3*o - 2*w, -7 = 2*o - 5*w. Let f = 9 + o. What is the tens digit of g(f)?
1
Suppose v = -8 - 4. Let q be 3/(-12) - 3/v. Suppose q = j - 2*j + 34. What is the units digit of j?
4
Suppose -8*d = 6*d - 728. What is the units digit of (1 - (1 + -15))*d/3?
0
Suppose 2*a - 483 = -s + 6*a, -2*s + 4*a = -958. What is the units digit of s?
5
Let v be (2/(-6))/(-1 - 21/(-18)). What is the units digit of (14 - 15)/(v/328)?
4
Let m(w) = 2*w + 48. Let t be m(-26). Let c(b) = 3*b**2 - 2*b - 6. What is the tens digit of c(t)?
5
Suppose 5*n - 290 = -0*n. Let f = n + -23. Let w = f - 11. What is the tens digit of w?
2
Let k(o) = -o**3 - o**2 + o + 6. Let c(i) = -i**3 - 8*i**2 + 10*i - 7. Let t be c(-9). Let u be 3/(-9) - t/(-6). What is the units digit of k(u)?
1
Suppose 3*d - 8 = -d. Suppose d*y - 7*y = -515. What is the hundreds digit of y?
1
Let i be (-2 + 0)*(-13 + 18). What is the units digit of -1 + 12/10 - 1868/i?
7
Suppose -2*p + 58 = -2*z, 2*z - 5*z - 15 = 0. Let o = -19 + p. Let y(m) = -m**3 + 9*m**2 - 8*m - 2. What is the units digit of y(o)?
8
Let w(m) = 9 + 14*m - 6*m - 9*m. What is the units digit of w(3)?
6
Let y be 14/35 - 6/(-10). What is the units digit of -104*y*3/(-6)?
2
Let h(b) = -b**2 + 34*b. What is the tens digit of h(17)?
8
Suppose 3*r + 8 = 4*n - 45, 2*r = n - 42. Let v = r - -86. What is the tens digit of v?
6
Let v be (-1)/(-4) + 190/8. Suppose w = -17 + 4. Let r = v + w. What is the units digit of r?
1
Let a(b) = 140*b - 22. Let g be a(5). Suppose -t + 1 = 0, 0 = 3*d - t - g - 95. Suppose 3*z = 4*j + 205, 14 = -4*z - 2*j + d. What is the tens digit of z?
6
Let j(i) = i**2 + 36*i - 312. What is the units digit of j(-45)?
3
Let v(b) = -2 + 6 + 0*b - 2*b**2 + 4*b + 3*b**2. Let n(i) = 2*i**2 + 8*i + 9. Let w(c) = -2*n(c) + 5*v(c). What is the units digit of w(-5)?
7
Let g be (-12)/(-8)*2 - -29. Let z = 198 - g. What is the hundreds digit of z?
1
Suppose -3*r = 4*y + 124, -4*r - 52 = -5*y + 165. Suppose 0 = -2*v - 43 - 23. Let g = v - r. What is the tens digit of g?
1
Let f be 54/(-36)*32/(-6). Suppose -119 = -f*d + 89. What is the tens digit of d?
2
Let v = 34 + -36. What is the units digit of 3/((-3)/v) + 348/3?
8
Suppose -4*a = -3*c - 1, -c + a + 11 = 2*c. Let k = -5 + c. Suppose 11 = y - k. What is the units digit of y?
1
Suppose 5*w - 112 = 28. Suppose 42 = g - w. Suppose 2*o = -3*k + g, 2*k + 138 = 4*o + 7*k. What is the units digit of o?
2
Let s be 0 - -1 - -1 - (-1)/1. Suppose 0 = s*i + 4*t - 151, -4*i + 165 = -2*t - 29. What is the tens digit of i?
4
Let r(y) = -50*y - 1. Let d(b) = -151*b - 4. Let o(c) = -2*d(c) + 7*r(c). Let k be o(-1). Suppose 0 = -3*v + k + 2. What is the units digit of v?
7
Let s be 12/4 + 0 + 1. Let n(t) = -6 + 5*t - s*t + 5*t - 4*t. What is the units digit of n(10)?
4
Suppose 5*w - 4*j = 7*w - 196, 4*w = -3*j + 377. Let q = w + 7. What is the tens digit of q?
9
Suppose -4*u + 10 = -f, -2*u + f + 4 = -0*u. Let d be (u + 0 - -54) + -1. Let x = d + -40. What is the units digit of x?
6
Suppose -2*c - 7582 = -2*r, -c - 2*c + 11349 = 3*r. What is the hundreds digit of r?
7
Let b = 5082 - 1748. What is the units digit of b?
4
Let a(g) = -g**2 - 10*g - 24. Let y be a(-7). Let l be y - -38*1 - 1. Suppose -3*m - 3*i + l + 29 = 0, -9 = m - 5*i. What is the tens digit of m?
1
Suppose 4*m - 4*l - 20 = 0, -13 = -4*l + 3. Let p be (-3)/(-6)*(-6 - -6). Suppose p*s = -3*s + m. What is the units digit of s?
3
Suppose 5*c - 5524 = -4*x, -2*x - 5*c - 5564 = -6*x. What is the tens digit of x?
8
Let j(c) = -3*c + 2*c**2 - 8 + 4 + 11. Let f be j(5). Suppose 5*i = 2*i + f. What is the units digit of i?
4
Suppose 0 = -4*k + 4 + 16. Suppose 9*j - 624 = k*j. What is the tens digit of j?
5
Let w = -56 - -29. Let t = 19 + w. What is the units digit of 1/(-4) + (-378)/t?
7
Let w be 2 - (2 + -7 + -4). Suppose -w*d = -423 + 38. What is the tens digit of d?
3
Let o = 312 - 309. Let a be 6/(-27) - (-1037)/9. Suppose 2*p + o*p - a = 0. What is the units digit of p?
3
Let u be (-1)/2 + 68/8. Suppose u = -r - 0*r. Let a(w) = -w - 7. What is the units digit of a(r)?
1
Let v = 70 + 348. What is the tens digit of v?
1
Suppose -v + 18*j = 16*j - 829, -2*v - 5*j + 1694 = 0. What is the tens digit of v?
3
Suppose -29 = 5*k - 9. What is the tens digit of (-1)/(k - 801/(-201))?
6
Let q(i) = -i**3 - 19*i**2 - 18*i + 2. Let f be q(-18). Suppose -4*r - 32 - 46 = -s, -2*s + 116 = f*r. What is the units digit of s?
2
Let l(f) be the first derivative of -f**2/2 - 7*f + 5. Let j be l(-9). Suppose 40 = 4*y - j*y. What is the units digit of y?
0
Suppose -3*y + 72 = 2*n, -2*y + 128 = 2*n + 2*n. What is the hundreds digit of 2*1*-327*(-5)/n?
1
Let m be -84*(-3 - 10/(-4)). Suppose -3*r + m + 45 = 0. What is the tens digit of r?
2
Let l be (-16)/(-56) - (-1138)/(-14). Let d = 138 + l. What is the units digit of d?
7
Suppose -l + 0*v + 84 = v, -5*l + 420 = 3*v. Suppose b = 17 + l. What is the units digit of b?
1
Let f(d) = -3*d + 2. Let l be f(3). Let b = l - -7. What is the units digit of (-1)/((3 - b)/(-51))?
7
Let q = 147 - 69. Suppose -2*n + q = -0*n. Suppose i - n = 5*m, 12 = -4*m - 4. What is the tens digit of i?
1
Let c = 2914 - 2480. What is the tens digit of c?
3
Let i(d) = d**2 + 3*d - 35. What is the tens digit of i(12)?
4
Let c be 3578/14 - (-6)/14. Suppose 7*v - 3*v = 24. Suppose v*z = 2*z + c. What is the tens digit of z?
6
Let d = 4282 - 1876. What is the thousands digit of d?
2
Suppose 5751 = 22*h - 9539. What is the tens digit of h?
9
Suppose -122 = -5*r - 4*n, 5*r = 4*n + 79 + 59. Suppose 0 = -o - 9 + r. What is the units digit of o?
7
Suppose 0 = 3*l - 3168 + 1257. Suppose -3*s = 3*c - 480, -5*c + c - 3*s = -l. What is the units digit of c?
7
What is the hundreds digit of (-2)/17 + 1138473/867?
3
Let z = 3532 + -1401. What is the tens digit of z?
3
Suppose 0 = -69*v + 42*v + 10125. What is the hundreds digit of v?
3
What is the hundreds digit of ((-5256)/(-96))/((-3)/(-32))?
5
Let m(l) = l**3 - 17*l**2 + l - 15. Let w be m(17). Let b(k) = k - 7*k**2 - 8*k**2 - 3*k**2 + k**3 + 3*k**w + 1. What is the units digit of b(15)?
6
Let i be (-254)/6 + 3/9. Suppose 0 = -4*r - 4*r - 208. Let y = r - i. What is the units digit of y?
6
What is the units digit of -1*(-17)/((-68)/(-376))?
4
Let f(i) = i**2 + 20*i + 40. Let u be f(-18). Let n(h) = 3*h**3 - 3*h**2 - 5*h + 2. What is the hundreds digit of n(u)?
1
Let c be (-162)/4 + 4/(-8). Let b = 191 - 103. Let z = b + c. What is the tens digit of z?
4
Let b = -57 - -221. What is the units digit of b?
4
Suppose -d + f = 3*f, -4*d = -f + 9. What is the units digit of d/8 - (-442)/8?
5
Suppose l - 2*i - 446 = 2*i, -3*l + 4*i + 1314 = 0. What is the tens digit of l?
3
Let r be (-1264)/16 + 3*1. Let g = r - -145. Suppose -2*s + 19 + g = 0. What is the units digit of s?
4
Suppose 5*m + 780 = -335. Let b = -122 - m. What is the units digit of b?
1
Let w = -16 + 11. Let d(l) = l**2 + 6*l + 3. Let g be d(w). What is the tens digit of 12 + -2*3/g?
1
Let y = -95 + 668. What is the tens digit of y?
7
Suppose 4990 + 23009 = 9*x. What is the tens digit of x?
1
Suppose 0 = 23*z - 17745 - 3047. What is the units digit of z?
4
Suppose -3*x + 15 = 0, x = 5*v - 2978 - 8512. What is the units digit of v?
9
Let y(o) = -o**2 + 3*o. Let m be y(2). Suppose 0 = m*r - 2, -5*d + 52 = 3*r - 21. What is the tens digit of d?
1
Suppose 0 = 2*p - 3*o + 29, -p - 9 = -0*p + 4*o. Let s(t) = -t**3 - 14*t**2 - 12*t + 17. Let c be s(p). Let d = c + 27. What is the units digit of d?
1
Let l(v) = v**2